 31991
List the prime factors of 202983.
3, 11, 6151
What are the prime factors of 3020532?
2, 3, 37, 6803
List the prime factors of 186888.
2, 3, 13, 599
What are the prime factors of 435629?
367, 1187
What are the prime factors of 20361066?
2, 3, 11, 308501
List the prime factors of 92075.
5, 29, 127
List the prime factors of 495575.
5, 43, 461
What are the prime factors of 20541465?
3, 5, 7, 21737
What are the prime factors of 21119395?
5, 11, 29, 13241
What are the prime factors of 639717?
3, 13, 47, 349
List the prime factors of 2815049.
2815049
List the prime factors of 1857752.
2, 13, 17863
List the prime factors of 1333140.
2, 3, 5, 17, 1307
What are the prime factors of 9485197?
233, 40709
What are the prime factors of 5384607?
3, 31, 57899
List the prime factors of 114294.
2, 3, 43, 443
List the prime factors of 3611184.
2, 3, 23, 3271
What are the prime factors of 1513014?
2, 3, 252169
What are the prime factors of 2914538?
2, 11, 137, 967
What are the prime factors of 591388?
2, 7, 21121
What are the prime factors of 423648?
2, 3, 1471
List the prime factors of 1593421.
1593421
What are the prime factors of 170119?
17, 10007
List the prime factors of 27791.
27791
What are the prime factors of 213883?
19, 11257
What are the prime factors of 6214977?
3, 690553
List the prime factors of 8355081.
3, 7, 37, 10753
What are the prime factors of 516221?
163, 3167
What are the prime factors of 457807?
7, 9343
List the prime factors of 71112.
2, 3, 2963
What are the prime factors of 5374747?
7, 739, 1039
List the prime factors of 2008000.
2, 5, 251
List the prime factors of 55544.
2, 53, 131
List the prime factors of 6706013.
31, 137, 1579
What are the prime factors of 9900529?
9900529
What are the prime factors of 19835029?
149, 133121
What are the prime factors of 12265?
5, 11, 223
What are the prime factors of 5379689?
7, 37, 20771
List the prime factors of 15460.
2, 5, 773
What are the prime factors of 8826392?
2, 547, 2017
What are the prime factors of 4279202?
2, 181, 11821
List the prime factors of 1640135.
5, 7, 46861
What are the prime factors of 1667925?
3, 5, 7, 353
What are the prime factors of 124409?
47, 2647
List the prime factors of 30187.
30187
List the prime factors of 965328.
2, 3, 7, 13, 17
What are the prime factors of 943206?
2, 3, 11, 31, 461
List the prime factors of 632296.
2, 7, 1613
List the prime factors of 291378.
2, 3, 48563
What are the prime factors of 54859?
7, 17, 461
What are the prime factors of 983341?
103, 9547
List the prime factors of 2842992.
2, 3, 6581
What are the prime factors of 823804?
2, 205951
What are the prime factors of 21367012?
2, 449, 11897
What are the prime factors of 307663?
359, 857
List the prime factors of 5911196.
2, 53, 27883
What are the prime factors of 411084?
2, 3, 19, 601
List the prime factors of 5895579.
3, 1965193
List the prime factors of 224205.
3, 5, 14947
What are the prime factors of 558873?
3, 7, 2957
List the prime factors of 22379980.
2, 5, 7, 159857
List the prime factors of 17465230.
2, 5, 307, 5689
List the prime factors of 9920.
2, 5, 31
What are the prime factors of 258716?
2, 64679
List the prime factors of 364873.
364873
What are the prime factors of 272716?
2, 29, 2351
List the prime factors of 206954.
2, 11, 23, 409
What are the prime factors of 484011?
3, 11, 4889
What are the prime factors of 15949567?
821, 19427
What are the prime factors of 466232?
2, 13, 4483
What are the prime factors of 40981?
107, 383
List the prime factors of 8541124.
2, 331, 6451
List the prime factors of 4489219.
7, 641317
What are the prime factors of 1319577?
3, 7, 31, 2027
List the prime factors of 95294.
2, 29, 31, 53
What are the prime factors of 619401?
3, 206467
What are the prime factors of 395525?
5, 13, 1217
List the prime factors of 47629.
47629
List the prime factors of 794730.
2, 3, 5, 59, 449
List the prime factors of 7971208.
2, 7, 137, 1039
List the prime factors of 133285.
5, 19, 23, 61
What are the prime factors of 952054?
2, 476027
What are the prime factors of 338352?
2, 3, 7, 19, 53
What are the prime factors of 8576948?
2, 59, 36343
List the prime factors of 813909.
3, 17, 15959
List the prime factors of 23568.
2, 3, 491
What are the prime factors of 4985015?
5, 7, 20347
What are the prime factors of 502239?
3, 167413
List the prime factors of 123957.
3, 4591
What are the prime factors of 4455035?
5, 13, 68539
List the prime factors of 7830586.
2, 3915293
List the prime factors of 535534.
2, 17, 19, 829
List the prime factors of 2752905.
3, 5, 183527
List the prime factors of 2013674.
2, 13, 41, 1889
List the prime factors of 3533065.
5, 706613
What are the prime factors of 120089?
29, 41, 101
List the prime factors of 5124113.
593, 8641
What are the prime factors of 1526143?
41, 37223
What are the prime factors of 65130?
2, 3, 5, 13, 167
What are the prime factors of 6564784?
2, 410299
List the prime factors of 972547.
277, 3511
List the prime factors of 386453.
71, 5443
List the prime factors of 368958.
2, 3, 61493
What are the prime factors of 4673269?
467, 10007
What are the prime factors of 9953073?
3, 13, 97, 877
List the prime factors of 64259.
13, 4943
What are the prime factors of 7188753?
3, 11, 13, 1289
What are the prime factors of 236704?
2, 13, 569
What are the prime factors of 1655743?
293, 5651
What are the prime factors of 21024756?
2, 3, 337, 1733
List the prime factors of 1571862.
2, 3, 261977
What are the prime factors of 172973?
172973
What are the prime factors of 2434373?
131, 18583
What are the prime factors of 1871855?
5, 23, 41, 397
What are the prime factors of 14788054?
2, 31, 137, 1741
List the prime factors of 13032112.
2, 199, 4093
List the prime factors of 664451.
181, 3671
List the prime factors of 2132721.
3, 23, 10303
What are the prime factors of 3239109?
3, 39989
What are the prime factors of 2095824?
2, 3, 47, 929
List the prime factors of 86520.
2, 3, 5, 7, 103
List the prime factors of 9706219.
9706219
What are the prime factors of 6436711?
23, 279857
What are the prime factors of 1796460?
2, 3, 5, 79, 379
List the prime factors of 10549624.
2, 1318703
List the prime factors of 1839118.
2, 919559
List the prime factors of 3507781.
107, 32783
List the prime factors of 2611912.
2, 163, 2003
List the prime factors of 130919.
89, 1471
What are the prime factors of 5850791?
5850791
What are the prime factors of 201258?
2, 3, 3727
List the prime factors of 608398.
2, 7, 43457
What are the prime factors of 3308859?
3, 367651
What are the prime factors of 1647263?
773, 2131
What are the prime factors of 2497?
11, 227
What are the prime factors of 6372854?
2, 3186427
What are the prime factors of 1713441?
3, 571147
List the prime factors of 2465505.
3, 5, 7, 2609
List the prime factors of 231408.
2, 3, 1607
List the prime factors of 10555299.
3, 313, 1249
What are the prime factors of 4791290?
2, 5, 7, 68447
What are the prime factors of 4893949?
4893949
List the prime factors of 1036978.
2, 23, 22543
List the prime factors of 18815284.
2, 71, 97, 683
List the prime factors of 8355.
3, 5, 557
List the prime factors of 5585265.
3, 5, 7, 17, 149
List the prime factors of 4227462.
2, 3, 19, 47, 263
What are the prime factors of 2532571?
43, 58897
List the prime factors of 773277.
3, 383, 673
What are the prime factors of 1438222?
2, 67, 10733
List the prime factors of 281365.
5, 7, 8039
List the prime factors of 471176.
2, 58897
List the prime factors of 54494.
2, 11, 2477
List the prime factors of 4131214.
2, 23, 89809
List the prime factors of 244571.
199, 1229
What are the prime factors of 4879915?
5, 293, 3331
What are the prime factors of 127591?
127591
List the prime factors of 437893.
19, 1213
What are the prime factors of 552260?
2, 5, 53, 521
What are the prime factors of 1699341?
3, 7, 19, 4259
List the prime factors of 2986441.
17, 175673
What are the prime factors of 80038?
2, 7, 5717
List the prime factors of 1322448.
2, 3, 27551
What are the prime factors of 4010959?
283, 14173
List the prime factors of 110352.
2, 3, 11, 19
List the prime factors of 1689339.
3, 563113
What are the prime factors of 6298236?
2, 3, 7, 2777
What are the prime factors of 1067713?
607, 1759
List the prime factors of 144206.
2, 72103
